(x) + 3*y(x). Give v(1).
-22
Suppose -3*t - t = c - 14, 0 = -4*c + 2*t + 20. Let k(o) = c*o - 1 - o - 2*o. Determine k(4).
11
Let x(m) = m**3 - 9*m**2 - 1. Let q be x(9). Let u(v) = -22*v**2 + v + 2. What is u(q)?
-21
Let w(k) = -4*k - 5. Suppose -2*t - 6 = 3*j - 5*t, -5*j = -3*t + 18. What is w(j)?
19
Let y be ((-2 + -1)/(-3))/(2/(-8)). Let b(c) = -2*c**2 - 7*c + 5. Calculate b(y).
1
Let l be (4/(-12))/(1/(-3)). Suppose 4*d + 0*d = 2*a, 4*d = 0. Let n(r) = 0*r - l - 3*r + a*r + 2. Determine n(5).
-14
Let r(z) = -7*z**2 - 12*z + 6. Let d(q) = -q**2 - 2*q + 1. Let l(h) = 6*d(h) - r(h). Determine l(2).
4
Let o(y) = -y**3 - 8*y**2 - 8*y + 2. Suppose -22 = 10*r + 48. Calculate o(r).
9
Let v(d) = -d**3 - d**2 + 9*d + 7. Let z be v(3). Let m(i) = 4*i**3 + 3*i**2 + 4*i + 2. Calculate m(z).
-26
Let r = -13 - -14. Let f be (r + 0)*-2*-1. Suppose -f*u - u = -18. Let m(g) = g**2 - 7*g + 1. Give m(u).
-5
Suppose 0 = 5*j - 3*j - 14. Let a(k) be the first derivative of k**2/2 - 9*k - 1323. What is a(j)?
-2
Let t(o) = o**2 - 2*o - 6. Let g(x) = x**2 - 3*x - 7. Suppose -5*h = -2*k - 7, -2*h = k + h - 13. Let i(m) = k*t(m) - 3*g(m). What is i(-3)?
3
Let v(n) = 285*n**3 + 7*n - 286*n**3 + n**2 - 6*n**2 + 4*n**2 - 4*n**2 + 7. Give v(-6).
1
Let p(n) = -5*n**3 + 16*n**2 - 2*n - 4. Let u(a) = -2*a**3 + 8*a**2 - 3. Let c(o) = 3*p(o) - 7*u(o). What is c(-7)?
2
Let z(v) = v**3 + 16*v**2 - 37*v - 13. Let j be z(-18). Let o(w) = -w**3 + 4*w**2 + 6*w - 6. Determine o(j).
-1
Suppose -88*i + 104*i - 207*i + 1146 = 0. Let y(h) be the first derivative of h**4/4 - 5*h**3/3 - h**2 + 4*h - 1. What is y(i)?
28
Let b(c) = c + 3*c - 9*c**2 + 3*c + 0*c + c**3 + 13. Let y be b(8). Let h(s) = -3*s + 4. Determine h(y).
-11
Let g be 6/(-4)*4/3. Let j(a) = 11*a**3 - 2*a**2 - 2*a + 10. Let n(q) = -13*q**3 + 3*q**2 + 3*q - 12. Let v(d) = 6*j(d) + 5*n(d). What is v(g)?
-2
Let i(o) = 2*o - 1. Let h(j) = -j**2 + 5*j - 4. Let k be h(3). Suppose 4*q + 1 = r, -6*q = -k*q. Determine i(r).
1
Let c(g) = 2*g**3 + 3*g**2 - 4*g - 2. Let s(b) = b**2 - 15*b - 187. Let r be s(23). Determine c(r).
-17
Let l = 33 + -29. Suppose 25 = l*j - 9*j. Let o(w) = w**3 + 6*w**2 + 5*w - 6. Calculate o(j).
-6
Let m(a) be the first derivative of -2 + 1/3*a**3 + 1/2*a**2 + 2*a. Let k = -7 - -4. Give m(k).
8
Let z(t) = 2*t + 8*t + 8 - 11*t. Give z(10).
-2
Suppose 0 = -4*s - 4*i - 48, -3*s + 4*s + 27 = -4*i. Let d(t) = -47277 - 47273 + 94547 - t - t. Determine d(s).
11
Let f = 3 - 1. Let c(u) be the third derivative of u**5/60 - 5*u**4/24 + u**3/2 - 3*u**2 - 564*u. Determine c(f).
-3
Let u(z) = -z**3 - 5*z**2 + 4*z - 6. Let x(n) = -3*n - 14. Let m be x(-3). What is u(m)?
-26
Let p(f) = 3*f**3 - 3*f**2 - f - 1. Suppose 0 = 21*h - 17*h - 12. Calculate p(h).
50
Let b(u) = u + 25. Let y be b(-14). Suppose -4*o - 3*f - y = 0, f = -2*o - 2*o - 17. Let m(g) = 3*g**2 + g**3 + g**2 - 3*g + 8*g + 2*g**2 + 1. Calculate m(o).
1
Let r(k) be the third derivative of -k**4/3 - 11*k**3/6 + 31*k**2. Let m be r(-2). Let z(q) = q - 11. Determine z(m).
-6
Let l(w) = 9*w - 6. Let f be l(4). Let r = f - 24. Let n(k) = -5 - 2 - 2*k - 1 + 5*k. Calculate n(r).
10
Let s(z) = -3*z**2 - z + 2. Suppose 4*t - 8 = 0, 6*y + t = y - 138. Let q = y + 26. What is s(q)?
-8
Suppose 522 = -8*u + 37*u. Let b(d) = d - 8. What is b(u)?
10
Let s be 6/(-12) + 7/2. Let u(m) be the second derivative of 0 + 3/2*m**2 - 5*m + 1/3*m**s. Calculate u(-6).
-9
Let g(j) = j - 2. Suppose 6 = -3*n + 7*u - 8*u, 2*n + 3*u - 3 = 0. Calculate g(n).
-5
Let n(p) = -4*p**2 + 7*p + 3. Let r(m) = -7*m**2 + 12*m + 6. Let g(q) = -5*n(q) + 3*r(q). Give g(2).
1
Let u(k) = -10 + 0*k + 27 + k - 14. Determine u(-3).
0
Let q(j) be the first derivative of j**2 - 9*j + 28. Suppose 4*m - 2 = 4*a + 2, -9 = m - 3*a. Calculate q(m).
3
Let g(x) = 3*x + 1. Let f(v) = -v - 16. Let l be f(-5). Let r be (((-2)/(-4))/1)/(l/22). Calculate g(r).
-2
Let o(k) be the third derivative of 39*k**2 + 0*k + k**3 - 1/24*k**4 + 0. What is o(-5)?
11
Let p = -10 + 13. Suppose -10 - 17 = -p*z. Let d be 6/z - 56/12. Let k(m) = m + 1. What is k(d)?
-3
Let z(w) be the first derivative of w - 1 + 1/2*w**2 - 1/6*w**3. Let f(b) be the first derivative of z(b). What is f(-4)?
5
Let u(y) = -y**3 + 1053 - 9*y**2 + y - 1057 - 10*y. What is u(-8)?
4
Let a be 100/75*21/4. Let n(o) = o**2 - 6*o - 7. Determine n(a).
0
Let z(i) = -3*i - i**3 + 5*i**3 - i**2 + 3*i**2 - 4 - 3*i**3. Give z(-3).
-4
Let s(c) = c**3 + 6*c**2 - 2. Let l(a) = a**2 + 3*a - 6. Let w be l(-3). Let d be s(w). Let p(t) = t**2 + t - 2. Calculate p(d).
0
Let b(t) be the third derivative of t**6/120 + 11*t**5/60 + t**4/12 - 2*t**3/3 + 108*t**2. Determine b(-11).
-26
Suppose -36 = 2*s - 7*w + 2*w, 0 = 4*s + 5*w + 42. Let p = 21 + -10. Let a = p + s. Let m(j) = -7*j - 3. Calculate m(a).
11
Let d(w) = -w + 2. Let o(u) = 34*u - 5. Let v(c) = 2*d(c) + o(c). Give v(1).
31
Let c(l) = l**3 + 4*l**2 - l. Suppose -8*i + 4*i + 20 = 0. Suppose 0 = -i*a, -12 = -m + 4*m - 4*a. Determine c(m).
4
Let n(f) = f**2 + 5*f - 7. Suppose 4*a = -2*j - 0*j + 12, -2*a + 6 = 0. Suppose s + 15 = 3*v - j*v, 3*s - 5*v = -33. What is n(s)?
-1
Suppose 0 = 5*u - 4*a - 19, 0 = 4*u + 119*a - 120*a - 13. Let r(f) = -15*f - 1. Determine r(u).
-46
Suppose 3*o - 20 = -5. Suppose -o*q + 20 = -15*q. Let d(c) = 6*c + 3. Give d(q).
-9
Suppose -4*b = -24 + 4. Let j(o) be the second derivative of 5/12*o**4 - o - o**2 - 1/20*o**5 + 0 + 0*o**3. Determine j(b).
-2
Let c(h) = 5 - 9*h**3 - 2*h + 10*h**3 + h**2 - 1. Let q(w) = -w + 4. Let o = -15 - -22. Let n be q(o). Give c(n).
-8
Suppose 0 = -3*p - 0*p + 6. Let h(d) = d**2 + 8*d - 9 + d**2 - p*d - d**2. What is h(-7)?
-2
Suppose -87*i + 90*i + 18 = 0. Let n(c) = -c**2 - 2*c + 6. Determine n(i).
-18
Let x(l) = -l**2 + 13*l. Let d be x(10). Suppose d = -5*z - 5. Let r(s) = -s**2 - 6*s + 8. Give r(z).
1
Let m(j) = 5*j + 6. Let o(h) = -2*h**2 + 24*h - 47. Let r be o(9). What is m(r)?
41
Let c(y) = 4*y - 5*y + 16*y**2 + y**3 - 15*y**2 - 13 + 23. Determine c(0).
10
Let z(k) = 6*k. Let q = 19 + -11. Let c be 2 + q/(6 - 4). Let d = c + -8. What is z(d)?
-12
Let d(q) = -q - 5. Let r be 3 + (40 + 1 - 3). Let x = r + -27. Let t = -18 + x. Calculate d(t).
-1
Let g(c) = -11*c**3 - c**2. Let z(l) = l**3 - 8*l**2 - 8*l - 3. Let w be z(9). Suppose -2*j + 8 = w*j. Calculate g(j).
-12
Suppose r = 8 - 3. Suppose -14 = 3*b - r. Let w(y) be the second derivative of -y**4/4 - 2*y**3/3 + 395*y. Determine w(b).
-15
Let v be (-4)/18 + 705/135. Suppose -3 = -v*l + 6*l. Let a(w) = 2*w. Calculate a(l).
-6
Suppose 0 = -4*z - 2*z + 84. Let n(y) = -y**3 + 13*y**2 + 12*y + 17. What is n(z)?
-11
Let v = -30 + 35. Let g(d) = -d - 2. Let p be g(-6). Let u(z) = -2 + p*z**2 + 4 - 2 - z**3 + 2 + 5*z. Determine u(v).
2
Let v = 1831/690 + 3/230. Let d(g) be the first derivative of -v*g**3 - g + g**2 - 4. Calculate d(1).
-7
Let o(l) = -l**2 + 3*l. Let u be ((-1 - 12) + 13)/3. Calculate o(u).
0
Suppose 4*p + 83 - 95 = 0. Let a(z) = -3*z - 8 + p*z - z + 13. Determine a(4).
1
Let d(t) = -t**3 + 2*t**2 + 4*t - 1. Suppose 0 = 212*k - 213*k + 3*u - 9, 2*k - 18 = -3*u. What is d(k)?
2
Let u = -2 - -5. Suppose -w - 2 + u = 0. Let v(x) = -x + 2 + 0 - 2 + 1. What is v(w)?
0
Let d(l) = 3*l - 3. Let b(v) = -3*v + 9. Let j(s) = s + 1. Let w(m) = -b(m) + 4*j(m). Let g(n) = -9*d(n) + 4*w(n). Calculate g(-6).
1
Let g(f) = -58 - 5*f + 3*f - 6*f**2 + 92 - 35. Let i be 4/(-8) - 2/4. Determine g(i).
-5
Let v = 34 + -27. Let x be 2/v + 777/(-147). Let w(g) = 7*g**2 + 13*g + 14. Let k(b) = 3*b**2 + 6*b + 7. Let o(a) = 5*k(a) - 2*w(a). Give o(x).
12
Let n(j) = 2*j - 1. Let q(v) = -14*v + 1. Let l(a) = -6*n(a) - q(a). Calculate l(-3).
-1
Let f(v) = v**2 + 6*v - 33. Let j be f(-10). Let q(n) = -j - 46*n + 22*n + 25*n. Give q(10).
3
Let x(j) = -2 + 7*j - 5 + 3 - 7*j**2 + j**3. Let m(p) = 5*p - 9. Suppose 0 = 5*l - 6 - 9. Let r be m(l). What is x(r)?
2
Let h(o) be the second derivative of -1/20*o**5 + o**2 + 0 + 0*o**3 + 1/4*o**4 + 4*o. Determine h(3).
2
Let b(m) = -51*m - 39*m - 40 + 83*m. Give b(-5).
-5
Let z be -4 + 1 - (-16 + 12). Suppose -c + z + 0 = 0. Let t(y) = -1 + y**2 + 2*y - y + 6*y**2. Determine t(c).
7
Let l(c) = -36*c + 70*c + 7 - 33*c. Determine l(-4).
3
Let t(f) = -11*f + 4. Suppose -6 = -3*q, 2*r + 9*q = 5*q 